{"id":2,"date":"2016-05-10T03:48:21","date_gmt":"2016-05-10T03:48:21","guid":{"rendered":"http:\/\/dlsw.eu\/?page_id=2"},"modified":"2020-05-07T12:47:59","modified_gmt":"2020-05-07T12:47:59","slug":"sample-page","status":"publish","type":"page","link":"https:\/\/dlsw.eu\/?page_id=2","title":{"rendered":"Immobilien bed\u00fcrfen Vertrauen"},"content":{"rendered":"<p><span style=\"color: #000000; font-family: Helvetica Neue; font-size: small;\">Eine Immobilie ist f\u00fcr jeden Menschen von besonderer pers\u00f6nlicher und finanzieller Bedeutung, sowohl als ein gem\u00fctliches Zuhause oder als ansprechendes Anlageobjekt.<\/span><\/p>\n<p><span style=\"color: #000000; font-family: Helvetica Neue; font-size: small;\">Die Deutsche Liegenschaften S\u00fcd-West DLSW GmbH ist es wichtig, seinen Kunden ein kompetenter, zuverl\u00e4ssiger und vertrauensvoller Partner f\u00fcr die Bed\u00fcrfnisse rund um Wohnraum, Gewerbeimmobilien bei Miete oder Kauf also auch bei Projektentwicklungen zu sein.<\/span><\/p>\n<p><span style=\"color: #000000; font-family: Helvetica Neue; font-size: small;\">Besonderen Wert legen wir auf die pers\u00f6nliche und individuelle Beratung.&nbsp;Die Zufriedenheit unserer Kunden ist unser Ziel!<\/span><\/p>\n<p><span style=\"color: #000000; font-family: Helvetica Neue; font-size: small;\">Wir freuen uns darauf, Ihnen bei allen Fragen rund um Ihre Immobilie behilflich sein zu d\u00fcrfen.<\/span><\/p>\n<p><span style=\"color: #000000; font-family: Helvetica Neue; font-size: small;\">Gerne informieren wir Sie umfassend \u00fcber unsere Leistungen in einem pers\u00f6nlichen Gespr\u00e4ch!<\/span><\/p>\n","protected":false},"excerpt":{"rendered":"<p>Eine Immobilie ist f\u00fcr jeden Menschen von besonderer pers\u00f6nlicher und finanzieller Bedeutung, sowohl als ein gem\u00fctliches Zuhause oder als ansprechendes Anlageobjekt. Die Deutsche Liegenschaften S\u00fcd-West DLSW GmbH ist es wichtig, seinen Kunden ein kompetenter, zuverl\u00e4ssiger und vertrauensvoller Partner f\u00fcr die Bed\u00fcrfnisse rund um Wohnraum, Gewerbeimmobilien bei Miete oder Kauf also auch bei Projektentwicklungen zu sein. [&hellip;]<\/p>\n","protected":false},"author":1,"featured_media":0,"parent":0,"menu_order":1,"comment_status":"closed","ping_status":"closed","template":"","meta":[],"_links":{"self":[{"href":"https:\/\/dlsw.eu\/index.php?rest_route=\/wp\/v2\/pages\/2"}],"collection":[{"href":"https:\/\/dlsw.eu\/index.php?rest_route=\/wp\/v2\/pages"}],"about":[{"href":"https:\/\/dlsw.eu\/index.php?rest_route=\/wp\/v2\/types\/page"}],"author":[{"embeddable":true,"href":"https:\/\/dlsw.eu\/index.php?rest_route=\/wp\/v2\/users\/1"}],"replies":[{"embeddable":true,"href":"https:\/\/dlsw.eu\/index.php?rest_route=%2Fwp%2Fv2%2Fcomments&post=2"}],"version-history":[{"count":2,"href":"https:\/\/dlsw.eu\/index.php?rest_route=\/wp\/v2\/pages\/2\/revisions"}],"predecessor-version":[{"id":20,"href":"https:\/\/dlsw.eu\/index.php?rest_route=\/wp\/v2\/pages\/2\/revisions\/20"}],"wp:attachment":[{"href":"https:\/\/dlsw.eu\/index.php?rest_route=%2Fwp%2Fv2%2Fmedia&parent=2"}],"curies":[{"name":"wp","href":"https:\/\/api.w.org\/{rel}","templated":true}]}}