{"id":7,"date":"2020-05-07T11:43:55","date_gmt":"2020-05-07T11:43:55","guid":{"rendered":"http:\/\/dlsw.eu\/?page_id=7"},"modified":"2020-05-08T09:26:08","modified_gmt":"2020-05-08T09:26:08","slug":"willkommen","status":"publish","type":"page","link":"https:\/\/dlsw.eu\/","title":{"rendered":"Willkommen"},"content":{"rendered":"\n<p>auf der Internetseite der DLSW GmbH<\/p>\n\n\n\n<p><\/p>\n\n\n\n<figure class=\"wp-block-image size-large is-resized\"><img loading=\"lazy\" src=\"http:\/\/dlsw.eu\/wp-content\/uploads\/2020\/05\/DLSW-Logo-DRAFT_Okt15-1.jpg\" alt=\"\" class=\"wp-image-34\" width=\"303\" height=\"183\" srcset=\"https:\/\/dlsw.eu\/wp-content\/uploads\/2020\/05\/DLSW-Logo-DRAFT_Okt15-1.jpg 478w, https:\/\/dlsw.eu\/wp-content\/uploads\/2020\/05\/DLSW-Logo-DRAFT_Okt15-1-300x181.jpg 300w\" sizes=\"(max-width: 303px) 100vw, 303px\" \/><\/figure>\n\n\n\n<p><\/p>\n\n\n\n<p>Die Deutsche Liegenschaften S\u00fcd-West DLSW GmbH ist es wichtig, seinen Kunden ein kompetenter, zuverl\u00e4ssiger und vertrauensvoller Partner f\u00fcr die Bed\u00fcrfnisse rund um Wohnraum, Gewerbeimmobilien bei Miete oder Kauf oder auch bei Projektentwicklungen zu sein.<\/p>\n","protected":false},"excerpt":{"rendered":"<p>auf der Internetseite der DLSW GmbH Die Deutsche Liegenschaften S\u00fcd-West DLSW GmbH ist es wichtig, seinen Kunden ein kompetenter, zuverl\u00e4ssiger und vertrauensvoller Partner f\u00fcr die Bed\u00fcrfnisse rund um Wohnraum, Gewerbeimmobilien bei Miete oder Kauf oder auch bei Projektentwicklungen zu sein.<\/p>\n","protected":false},"author":1,"featured_media":0,"parent":0,"menu_order":0,"comment_status":"closed","ping_status":"closed","template":"","meta":[],"_links":{"self":[{"href":"https:\/\/dlsw.eu\/index.php?rest_route=\/wp\/v2\/pages\/7"}],"collection":[{"href":"https:\/\/dlsw.eu\/index.php?rest_route=\/wp\/v2\/pages"}],"about":[{"href":"https:\/\/dlsw.eu\/index.php?rest_route=\/wp\/v2\/types\/page"}],"author":[{"embeddable":true,"href":"https:\/\/dlsw.eu\/index.php?rest_route=\/wp\/v2\/users\/1"}],"replies":[{"embeddable":true,"href":"https:\/\/dlsw.eu\/index.php?rest_route=%2Fwp%2Fv2%2Fcomments&post=7"}],"version-history":[{"count":5,"href":"https:\/\/dlsw.eu\/index.php?rest_route=\/wp\/v2\/pages\/7\/revisions"}],"predecessor-version":[{"id":36,"href":"https:\/\/dlsw.eu\/index.php?rest_route=\/wp\/v2\/pages\/7\/revisions\/36"}],"wp:attachment":[{"href":"https:\/\/dlsw.eu\/index.php?rest_route=%2Fwp%2Fv2%2Fmedia&parent=7"}],"curies":[{"name":"wp","href":"https:\/\/api.w.org\/{rel}","templated":true}]}}